{"id":861,"date":"2025-11-11T16:48:36","date_gmt":"2025-11-11T15:48:36","guid":{"rendered":"https:\/\/mersdusudlivres.fr\/?page_id=861"},"modified":"2025-11-11T16:51:13","modified_gmt":"2025-11-11T15:51:13","slug":"pierrette-broin","status":"publish","type":"page","link":"https:\/\/mersdusudlivres.fr\/?page_id=861","title":{"rendered":"Pierrette BROIN"},"content":{"rendered":"\t\t<div data-elementor-type=\"wp-page\" data-elementor-id=\"861\" class=\"elementor elementor-861\">\n\t\t\t\t<div class=\"elementor-element elementor-element-4c6a86f e-flex e-con-boxed e-con e-parent\" data-id=\"4c6a86f\" data-element_type=\"container\" data-e-type=\"container\">\n\t\t\t\t\t<div class=\"e-con-inner\">\n\t\t<div class=\"elementor-element elementor-element-971b4cb e-con-full e-flex e-con e-child\" data-id=\"971b4cb\" data-element_type=\"container\" data-e-type=\"container\">\n\t\t\t\t<div class=\"elementor-element elementor-element-476aaf3 elementor-widget elementor-widget-heading\" data-id=\"476aaf3\" data-element_type=\"widget\" data-e-type=\"widget\" data-widget_type=\"heading.default\">\n\t\t\t\t\t<h2 class=\"elementor-heading-title elementor-size-default\">Pierrette BROIN<\/h2>\t\t\t\t<\/div>\n\t\t\t\t<div class=\"elementor-element elementor-element-1ea23b9 elementor-widget elementor-widget-text-editor\" data-id=\"1ea23b9\" data-element_type=\"widget\" data-e-type=\"widget\" data-widget_type=\"text-editor.default\">\n\t\t\t\t\t\t\t\t\t<div class=\"wa-comp wa-text wa-bg-gradient param[grad(rgba(0,0,0,0)) border(0 #969696)] \"><div align=\"left\"><div class=\"wa-comp wa-text wa-bg-gradient param[grad(rgba(0,0,0,0)) border(0 #969696)]  \"><div align=\"left\">Pierrette Broin est aussi l\u2019auteur de 16 spectacles vivants in\u00e9dits et historiques dont plusieurs ont re\u00e7u le premier prix des animations culturelles en milieu rural de Poitou-Charentes.<\/div><\/div><div class=\"wa-comp wa-text wa-bg-gradient param[grad(rgba(0,0,0,0)) border(0 #969696)]  \"><div align=\"left\">Ces spectacles se sont d\u00e9roul\u00e9s en nocturne,<\/div><div align=\"left\">sur le site d\u2019un vieux ch\u00e2teau m\u00e9di\u00e9val, de 1992 \u00e0 2007.<\/div><\/div><\/div><\/div>\t\t\t\t\t\t\t\t<\/div>\n\t\t\t\t<\/div>\n\t\t<div class=\"elementor-element elementor-element-6171167 e-con-full e-flex e-con e-child\" data-id=\"6171167\" data-element_type=\"container\" data-e-type=\"container\">\n\t\t\t\t<div class=\"elementor-element elementor-element-b6bde99 elementor-widget elementor-widget-image\" data-id=\"b6bde99\" data-element_type=\"widget\" data-e-type=\"widget\" data-widget_type=\"image.default\">\n\t\t\t\t\t\t\t\t\t\t\t\t\t\t\t<img fetchpriority=\"high\" width=\"731\" height=\"1024\"  class=\"attachment-large size-large wp-image-271 lws-optimize-lazyload\" alt=\"\" srcset=\"https:\/\/mersdusudlivres.fr\/wp-content\/uploads\/2025\/09\/IMG_0894_20_282_29-731x1024.jpg 731w, https:\/\/mersdusudlivres.fr\/wp-content\/uploads\/2025\/09\/IMG_0894_20_282_29-416x582.jpg 416w, https:\/\/mersdusudlivres.fr\/wp-content\/uploads\/2025\/09\/IMG_0894_20_282_29-214x300.jpg 214w, https:\/\/mersdusudlivres.fr\/wp-content\/uploads\/2025\/09\/IMG_0894_20_282_29-768x1075.jpg 768w, https:\/\/mersdusudlivres.fr\/wp-content\/uploads\/2025\/09\/IMG_0894_20_282_29.jpg 865w\" sizes=\"(max-width: 731px) 100vw, 731px\" \/ data-src=\"https:\/\/mersdusudlivres.fr\/wp-content\/uploads\/2025\/09\/IMG_0894_20_282_29-731x1024.jpg\">\t\t\t\t\t\t\t\t\t\t\t\t\t\t\t<\/div>\n\t\t\t\t<\/div>\n\t\t\t\t\t<\/div>\n\t\t\t\t<\/div>\n\t\t<div class=\"elementor-element elementor-element-98c17b8 e-flex e-con-boxed e-con e-parent\" data-id=\"98c17b8\" data-element_type=\"container\" data-e-type=\"container\">\n\t\t\t\t\t<div class=\"e-con-inner\">\n\t\t\t\t<div class=\"elementor-element elementor-element-718ee94 elementor-widget elementor-widget-shortcode\" data-id=\"718ee94\" data-element_type=\"widget\" data-e-type=\"widget\" data-widget_type=\"shortcode.default\">\n\t\t\t\t\t\t\t<div class=\"elementor-shortcode\"><ul class=\"brand-products-elementor\" style=\"display:flex;flex-wrap:wrap;gap:18px;padding:0;margin:0;\"><li class=\"product\" style=\"list-style:none;text-align:center;width:calc(100%\/5 - 18px);box-sizing:border-box;\"><a href=\"https:\/\/mersdusudlivres.fr\/?product=mon-capitaine-sappelait-rose\" style=\"text-decoration:none;color:inherit;display:block;\"><img width=\"324\" height=\"324\"  class=\"attachment-woocommerce_thumbnail size-woocommerce_thumbnail wp-post-image lws-optimize-lazyload\" alt=\"\" srcset=\"https:\/\/mersdusudlivres.fr\/wp-content\/uploads\/2025\/09\/img20181203_18250665-324x324.jpg 324w, https:\/\/mersdusudlivres.fr\/wp-content\/uploads\/2025\/09\/img20181203_18250665-100x100.jpg 100w, https:\/\/mersdusudlivres.fr\/wp-content\/uploads\/2025\/09\/img20181203_18250665-150x150.jpg 150w\" sizes=\"(max-width: 324px) 100vw, 324px\" \/ data-src=\"https:\/\/mersdusudlivres.fr\/wp-content\/uploads\/2025\/09\/img20181203_18250665-324x324.jpg\"><div class=\"price\" style=\"margin-top:8px;font-weight:600;\"><span class=\"woocommerce-Price-amount amount\">12,00&nbsp;<span class=\"woocommerce-Price-currencySymbol\">&euro;<\/span><\/span><\/div><\/a><\/li><li class=\"product\" style=\"list-style:none;text-align:center;width:calc(100%\/5 - 18px);box-sizing:border-box;\"><a href=\"https:\/\/mersdusudlivres.fr\/?product=la-file-de-lair\" style=\"text-decoration:none;color:inherit;display:block;\"><img width=\"324\" height=\"324\"  class=\"attachment-woocommerce_thumbnail size-woocommerce_thumbnail wp-post-image lws-optimize-lazyload\" alt=\"\" srcset=\"https:\/\/mersdusudlivres.fr\/wp-content\/uploads\/2025\/09\/cover1-File-324x324.jpg 324w, https:\/\/mersdusudlivres.fr\/wp-content\/uploads\/2025\/09\/cover1-File-100x100.jpg 100w, https:\/\/mersdusudlivres.fr\/wp-content\/uploads\/2025\/09\/cover1-File-150x150.jpg 150w\" sizes=\"(max-width: 324px) 100vw, 324px\" \/ data-src=\"https:\/\/mersdusudlivres.fr\/wp-content\/uploads\/2025\/09\/cover1-File-324x324.jpg\"><div class=\"price\" style=\"margin-top:8px;font-weight:600;\"><span class=\"woocommerce-Price-amount amount\">12,00&nbsp;<span class=\"woocommerce-Price-currencySymbol\">&euro;<\/span><\/span><\/div><\/a><\/li><li class=\"product\" style=\"list-style:none;text-align:center;width:calc(100%\/5 - 18px);box-sizing:border-box;\"><a href=\"https:\/\/mersdusudlivres.fr\/?product=au-diable-la-raison\" style=\"text-decoration:none;color:inherit;display:block;\"><img loading=\"lazy\" width=\"324\" height=\"324\"  class=\"attachment-woocommerce_thumbnail size-woocommerce_thumbnail wp-post-image lws-optimize-lazyload\" alt=\"\" srcset=\"https:\/\/mersdusudlivres.fr\/wp-content\/uploads\/2025\/09\/img027_20_282_29-324x324.jpg 324w, https:\/\/mersdusudlivres.fr\/wp-content\/uploads\/2025\/09\/img027_20_282_29-100x100.jpg 100w, https:\/\/mersdusudlivres.fr\/wp-content\/uploads\/2025\/09\/img027_20_282_29-150x150.jpg 150w\" sizes=\"(max-width: 324px) 100vw, 324px\" \/ data-src=\"https:\/\/mersdusudlivres.fr\/wp-content\/uploads\/2025\/09\/img027_20_282_29-324x324.jpg\"><div class=\"price\" style=\"margin-top:8px;font-weight:600;\"><span class=\"woocommerce-Price-amount amount\">15,00&nbsp;<span class=\"woocommerce-Price-currencySymbol\">&euro;<\/span><\/span><\/div><\/a><\/li><\/ul><style>\n        @media(max-width:1024px){ .brand-products-elementor li.product { width:calc(50% - 18px) !important; } }\n        @media(max-width:768px){ .brand-products-elementor li.product { width:calc(50% - 18px) !important; } }\n        @media(max-width:480px){ .brand-products-elementor li.product { width:100% !important; } }\n        .brand-products-elementor li.product img { width:100%; height:auto; display:block; }\n        .brand-products-elementor li.product .woocommerce-loop-product__title,\n        .brand-products-elementor li.product .button,\n        .brand-products-elementor li.product .star-rating { display:none !important; }\n    <\/style>\n<\/div>\n\t\t\t\t\t\t<\/div>\n\t\t\t\t\t<\/div>\n\t\t\t\t<\/div>\n\t\t\t\t<\/div>\n\t\t","protected":false},"excerpt":{"rendered":"<p>Pierrette BROIN Pierrette Broin est aussi l\u2019auteur de 16 spectacles vivants in\u00e9dits et historiques dont plusieurs ont re\u00e7u le premier prix des animations culturelles en milieu rural de Poitou-Charentes.Ces spectacles se sont d\u00e9roul\u00e9s en nocturne,sur le site d\u2019un vieux ch\u00e2teau m\u00e9di\u00e9val, de 1992 \u00e0 2007.<\/p>\n","protected":false},"author":1,"featured_media":0,"parent":0,"menu_order":0,"comment_status":"closed","ping_status":"closed","template":"","meta":{"footnotes":""},"class_list":["post-861","page","type-page","status-publish","hentry"],"aioseo_notices":[],"jetpack_sharing_enabled":true,"_links":{"self":[{"href":"https:\/\/mersdusudlivres.fr\/index.php?rest_route=\/wp\/v2\/pages\/861","targetHints":{"allow":["GET"]}}],"collection":[{"href":"https:\/\/mersdusudlivres.fr\/index.php?rest_route=\/wp\/v2\/pages"}],"about":[{"href":"https:\/\/mersdusudlivres.fr\/index.php?rest_route=\/wp\/v2\/types\/page"}],"author":[{"embeddable":true,"href":"https:\/\/mersdusudlivres.fr\/index.php?rest_route=\/wp\/v2\/users\/1"}],"replies":[{"embeddable":true,"href":"https:\/\/mersdusudlivres.fr\/index.php?rest_route=%2Fwp%2Fv2%2Fcomments&post=861"}],"version-history":[{"count":4,"href":"https:\/\/mersdusudlivres.fr\/index.php?rest_route=\/wp\/v2\/pages\/861\/revisions"}],"predecessor-version":[{"id":865,"href":"https:\/\/mersdusudlivres.fr\/index.php?rest_route=\/wp\/v2\/pages\/861\/revisions\/865"}],"wp:attachment":[{"href":"https:\/\/mersdusudlivres.fr\/index.php?rest_route=%2Fwp%2Fv2%2Fmedia&parent=861"}],"curies":[{"name":"wp","href":"https:\/\/api.w.org\/{rel}","templated":true}]}}