{"id":83,"date":"2025-09-29T21:46:30","date_gmt":"2025-09-29T19:46:30","guid":{"rendered":"https:\/\/mersdusudlivres.fr\/home\/"},"modified":"2026-03-27T13:48:02","modified_gmt":"2026-03-27T12:48:02","slug":"accueil","status":"publish","type":"page","link":"https:\/\/mersdusudlivres.fr\/","title":{"rendered":"Accueil"},"content":{"rendered":"\t\t<div data-elementor-type=\"wp-page\" data-elementor-id=\"83\" class=\"elementor elementor-83\">\n\t\t\t\t\t\t<div class=\"elementor-element elementor-element-08917bf e-con e-atomic-element e-flexbox-base e-08917bf-1768f5b\" data-id=\"08917bf\" data-element_type=\"e-flexbox\" data-e-type=\"e-flexbox\" data-interaction-id=\"08917bf\">\n\t\t\t\t\t\t\t\n\t\t\t<img class=\"e-image-base  lws-optimize-lazyload\" \n\t\t\t\t\tdata-interaction-id=\"b25a3a5\" \n\t\t \n\t\t \n\t\t\t\t\t\t\t\t\tid=\"1507\"\n\t\t\t\t\t\t\t\t\t\t\t\t\n\t\t\t\t\t\t\t\t\t\t\t\twidth=\"2560\"\n\t\t\t\t\t\t\t\t\t\t\t\theight=\"1280\"\n\t\t\t\t\t\t\t\t\t\t\t\tsrcset=\"https:\/\/mersdusudlivres.fr\/wp-content\/uploads\/2026\/03\/Baniere-1-scaled.png 2560w, https:\/\/mersdusudlivres.fr\/wp-content\/uploads\/2026\/03\/Baniere-1-300x150.png 300w, https:\/\/mersdusudlivres.fr\/wp-content\/uploads\/2026\/03\/Baniere-1-1024x512.png 1024w, https:\/\/mersdusudlivres.fr\/wp-content\/uploads\/2026\/03\/Baniere-1-768x384.png 768w, https:\/\/mersdusudlivres.fr\/wp-content\/uploads\/2026\/03\/Baniere-1-1536x768.png 1536w, https:\/\/mersdusudlivres.fr\/wp-content\/uploads\/2026\/03\/Baniere-1-2048x1024.png 2048w, https:\/\/mersdusudlivres.fr\/wp-content\/uploads\/2026\/03\/Baniere-1-416x208.png 416w\"\n\t\t\t\t\t\t\t\t\t\t\t\talt=\"\"\n\t\t\t\t\t\t\/ data-src=\"https:\/\/mersdusudlivres.fr\/wp-content\/uploads\/2026\/03\/Baniere-1-scaled.png\">\n\t\t\t\t\t<\/div>\n\t\t<div class=\"elementor-element elementor-element-af0a6e3 e-flex e-con-boxed e-con e-parent\" data-id=\"af0a6e3\" data-element_type=\"container\" data-e-type=\"container\">\n\t\t\t\t\t<div class=\"e-con-inner\">\n\t\t\t\t<div class=\"elementor-element elementor-element-0264bb5 elementor-widget-divider--view-line_text elementor-widget-divider--separator-type-pattern elementor-widget-divider--element-align-center elementor-widget elementor-widget-divider\" data-id=\"0264bb5\" data-element_type=\"widget\" data-e-type=\"widget\" data-widget_type=\"divider.default\">\n\t\t\t\t\t\t\t<div class=\"elementor-divider\" style=\"--divider-pattern-url: url(&quot;data:image\/svg+xml,%3Csvg xmlns=&#039;http:\/\/www.w3.org\/2000\/svg&#039; preserveAspectRatio=&#039;none&#039; overflow=&#039;visible&#039; height=&#039;100%&#039; viewBox=&#039;0 0 20 16&#039; fill=&#039;none&#039; stroke=&#039;black&#039; stroke-width=&#039;1&#039; stroke-linecap=&#039;square&#039; stroke-miterlimit=&#039;10&#039;%3E%3Cg transform=&#039;translate(-12.000000, 0)&#039;%3E%3Cpath d=&#039;M28,0L10,18&#039;\/%3E%3Cpath d=&#039;M18,0L0,18&#039;\/%3E%3Cpath d=&#039;M48,0L30,18&#039;\/%3E%3Cpath d=&#039;M38,0L20,18&#039;\/%3E%3C\/g%3E%3C\/svg%3E&quot;);\">\n\t\t\t<span class=\"elementor-divider-separator\">\n\t\t\t\t\t\t\t<span class=\"elementor-divider__text elementor-divider__element\">\n\t\t\t\tCatalogue\t\t\t\t<\/span>\n\t\t\t\t\t\t<\/span>\n\t\t<\/div>\n\t\t\t\t\t\t<\/div>\n\t\t<div class=\"elementor-element elementor-element-fc0e616 e-grid e-con-full e-con e-child\" data-id=\"fc0e616\" data-element_type=\"container\" data-e-type=\"container\">\n\t\t\t\t<div class=\"elementor-element elementor-element-5d7e27b elementor-widget__width-initial e-transform elementor-widget elementor-widget-heading\" data-id=\"5d7e27b\" data-element_type=\"widget\" data-e-type=\"widget\" data-settings=\"{&quot;_transform_skewX_effect&quot;:{&quot;unit&quot;:&quot;px&quot;,&quot;size&quot;:&quot;&quot;,&quot;sizes&quot;:[]},&quot;_transform_skewX_effect_tablet&quot;:{&quot;unit&quot;:&quot;deg&quot;,&quot;size&quot;:&quot;&quot;,&quot;sizes&quot;:[]},&quot;_transform_skewX_effect_mobile&quot;:{&quot;unit&quot;:&quot;deg&quot;,&quot;size&quot;:&quot;&quot;,&quot;sizes&quot;:[]},&quot;_transform_skewY_effect&quot;:{&quot;unit&quot;:&quot;px&quot;,&quot;size&quot;:&quot;&quot;,&quot;sizes&quot;:[]},&quot;_transform_skewY_effect_tablet&quot;:{&quot;unit&quot;:&quot;deg&quot;,&quot;size&quot;:&quot;&quot;,&quot;sizes&quot;:[]},&quot;_transform_skewY_effect_mobile&quot;:{&quot;unit&quot;:&quot;deg&quot;,&quot;size&quot;:&quot;&quot;,&quot;sizes&quot;:[]}}\" data-widget_type=\"heading.default\">\n\t\t\t\t\t<h1 class=\"elementor-heading-title elementor-size-default\">Travers\u00e9es <\/h1>\t\t\t\t<\/div>\n\t\t\t\t<div class=\"elementor-element elementor-element-b768ff0 elementor-widget elementor-widget-text-editor\" data-id=\"b768ff0\" data-element_type=\"widget\" data-e-type=\"widget\" data-widget_type=\"text-editor.default\">\n\t\t\t\t\t\t\t\t\t<p class=\"MsoNormal\">Chez Editions Mers du Sud, les livres se lisent comme des travers\u00e9es. Chaque \u0153uvre explore une mani\u00e8re d&rsquo;\u00eatre au monde, de se transformer, de cr\u00e9er, de transmettre.\u00a0<\/p>\t\t\t\t\t\t\t\t<\/div>\n\t\t\t\t<div class=\"elementor-element elementor-element-7b032ed elementor-widget__width-initial elementor-widget elementor-widget-image\" data-id=\"7b032ed\" data-element_type=\"widget\" data-e-type=\"widget\" data-widget_type=\"image.default\">\n\t\t\t\t\t\t\t\t\t\t\t\t\t\t\t\t<a href=\"https:\/\/mersdusudlivres.fr\/?page_id=1092\">\n\t\t\t\t\t\t\t<img fetchpriority=\"high\" width=\"980\" height=\"123\"  class=\"attachment-large size-large wp-image-1336 lws-optimize-lazyload\" alt=\"\" srcset=\"https:\/\/mersdusudlivres.fr\/wp-content\/uploads\/2026\/01\/Copie-de-Copie-de-Bandeau-2-1024x128.png 1024w, https:\/\/mersdusudlivres.fr\/wp-content\/uploads\/2026\/01\/Copie-de-Copie-de-Bandeau-2-scaled-416x52.png 416w, https:\/\/mersdusudlivres.fr\/wp-content\/uploads\/2026\/01\/Copie-de-Copie-de-Bandeau-2-300x38.png 300w, https:\/\/mersdusudlivres.fr\/wp-content\/uploads\/2026\/01\/Copie-de-Copie-de-Bandeau-2-768x96.png 768w, https:\/\/mersdusudlivres.fr\/wp-content\/uploads\/2026\/01\/Copie-de-Copie-de-Bandeau-2-1536x192.png 1536w, https:\/\/mersdusudlivres.fr\/wp-content\/uploads\/2026\/01\/Copie-de-Copie-de-Bandeau-2-2048x256.png 2048w\" sizes=\"(max-width: 980px) 100vw, 980px\" \/ data-src=\"https:\/\/mersdusudlivres.fr\/wp-content\/uploads\/2026\/01\/Copie-de-Copie-de-Bandeau-2-1024x128.png\">\t\t\t\t\t\t\t\t<\/a>\n\t\t\t\t\t\t\t\t\t\t\t\t\t\t\t<\/div>\n\t\t\t\t<\/div>\n\t\t\t\t\t\t\t<h2 \n\t\tdata-interaction-id=\"159e049\" \n\t\tclass=\"e-159e049-1403aad e-heading-base\" \n\t\t \n\t\t\n\t>\n\t\n\t\t\tNouveaut\u00e9s \n\t\t<\/h2>\n\t\t\t\t\t<\/div>\n\t\t\t\t<\/div>\n\t\t<div class=\"elementor-element elementor-element-fd36148 e-grid e-con-full e-con e-parent\" data-id=\"fd36148\" data-element_type=\"container\" data-e-type=\"container\">\n\t\t\t\t\t\t\t\n\t\t\t<img class=\"e-image-base e-1870bda-159c3e4 lws-optimize-lazyload\" \n\t\t\t\t\tdata-interaction-id=\"1870bda\" \n\t\t \n\t\t \n\t\t\t\t\t\t\t\t\tid=\"1417\"\n\t\t\t\t\t\t\t\t\t\t\t\t\n\t\t\t\t\t\t\t\t\t\t\t\twidth=\"472\"\n\t\t\t\t\t\t\t\t\t\t\t\theight=\"684\"\n\t\t\t\t\t\t\t\t\t\t\t\tsrcset=\"https:\/\/mersdusudlivres.fr\/wp-content\/uploads\/2026\/02\/Couv-vf-1-.png 472w, https:\/\/mersdusudlivres.fr\/wp-content\/uploads\/2026\/02\/Couv-vf-1--416x603.png 416w, https:\/\/mersdusudlivres.fr\/wp-content\/uploads\/2026\/02\/Couv-vf-1--207x300.png 207w\"\n\t\t\t\t\t\t\t\t\t\t\t\talt=\"\"\n\t\t\t\t\t\t\/ data-src=\"https:\/\/mersdusudlivres.fr\/wp-content\/uploads\/2026\/02\/Couv-vf-1-.png\">\n\t\t\t\t\t\t\t\t\n\t\t\t<img class=\"e-image-base e-8647dd3-4ccc9b2 lws-optimize-lazyload\" \n\t\t\t\t\tdata-interaction-id=\"8647dd3\" \n\t\t \n\t\t \n\t\t\t\t\t\t\t\t\tid=\"1538\"\n\t\t\t\t\t\t\t\t\t\t\t\t\n\t\t\t\t\t\t\t\t\t\t\t\twidth=\"567\"\n\t\t\t\t\t\t\t\t\t\t\t\theight=\"565\"\n\t\t\t\t\t\t\t\t\t\t\t\tsrcset=\"https:\/\/mersdusudlivres.fr\/wp-content\/uploads\/2026\/03\/Capture-decran-2026-03-13-123649.png 567w, https:\/\/mersdusudlivres.fr\/wp-content\/uploads\/2026\/03\/Capture-decran-2026-03-13-123649-300x300.png 300w, https:\/\/mersdusudlivres.fr\/wp-content\/uploads\/2026\/03\/Capture-decran-2026-03-13-123649-150x150.png 150w, https:\/\/mersdusudlivres.fr\/wp-content\/uploads\/2026\/03\/Capture-decran-2026-03-13-123649-324x324.png 324w, https:\/\/mersdusudlivres.fr\/wp-content\/uploads\/2026\/03\/Capture-decran-2026-03-13-123649-416x415.png 416w, https:\/\/mersdusudlivres.fr\/wp-content\/uploads\/2026\/03\/Capture-decran-2026-03-13-123649-100x100.png 100w\"\n\t\t\t\t\t\t\t\t\t\t\t\talt=\"\"\n\t\t\t\t\t\t\/ data-src=\"https:\/\/mersdusudlivres.fr\/wp-content\/uploads\/2026\/03\/Capture-decran-2026-03-13-123649.png\">\n\t\t\t\t\t\t\t\t\n\t\t\t<img class=\"e-image-base e-8a081a3-b1575c1 lws-optimize-lazyload\" \n\t\t\t\t\tdata-interaction-id=\"8a081a3\" \n\t\t \n\t\t \n\t\t\t\t\t\t\t\t\tid=\"190\"\n\t\t\t\t\t\t\t\t\t\t\t\t\n\t\t\t\t\t\t\t\t\t\t\t\twidth=\"487\"\n\t\t\t\t\t\t\t\t\t\t\t\theight=\"725\"\n\t\t\t\t\t\t\t\t\t\t\t\tsrcset=\"https:\/\/mersdusudlivres.fr\/wp-content\/uploads\/2025\/09\/COUV0.jpg 487w, https:\/\/mersdusudlivres.fr\/wp-content\/uploads\/2025\/09\/COUV0-416x619.jpg 416w, https:\/\/mersdusudlivres.fr\/wp-content\/uploads\/2025\/09\/COUV0-202x300.jpg 202w\"\n\t\t\t\t\t\t\t\t\t\t\t\talt=\"\"\n\t\t\t\t\t\t\/ data-src=\"https:\/\/mersdusudlivres.fr\/wp-content\/uploads\/2025\/09\/COUV0.jpg\">\n\t\t\t\t\t\t\t\t<h2 \n\t\tdata-interaction-id=\"aa2a2a5\" \n\t\tclass=\"e-aa2a2a5-f34b1d4 e-heading-base\" \n\t\t \n\t\t\n\t>\n\t\n\t\t\tBernard THAUMIAUX\n\t\t<\/h2>\n\t\t\t\t\t\t\t<h2 \n\t\tdata-interaction-id=\"30b8aba\" \n\t\tclass=\"e-30b8aba-387eff1 e-heading-base\" \n\t\t \n\t\t\n\t>\n\t\n\t\t\tManuel DA SILVA\n\t\t<\/h2>\n\t\t\t\t\t\t\t<h2 \n\t\tdata-interaction-id=\"b536ae5\" \n\t\tclass=\"e-b536ae5-30a1da3 e-heading-base\" \n\t\t \n\t\t\n\t>\n\t\n\t\t\tManuel DA SILVA\n\t\t<\/h2>\n\t\t\t\t\t    \t            <a\n            href=\"https:\/\/mersdusudlivres.fr\/?product=huillat\" target=\"_blank\"\n            class=\"e-1b6379a-8e02169 e-button-base\"\n            data-interaction-id=\"1b6379a\"\n             \n        >\n            Voir le livre\n        <\/a>\n    \t\t\t\t\t    \t            <a\n            href=\"https:\/\/mersdusudlivres.fr\/?product=lenfant-des-tuileries\" target=\"_blank\"\n            class=\"e-f8fb3f4-36fbd46 e-button-base\"\n            data-interaction-id=\"f8fb3f4\"\n             \n        >\n            Voir le livre\n        <\/a>\n    \t\t\t\t\t    \t            <a\n            href=\"https:\/\/mersdusudlivres.fr\/?product=la-riviere-de-pierres\" target=\"_blank\"\n            class=\"e-943f8a8-034beac e-button-base\"\n            data-interaction-id=\"943f8a8\"\n             \n        >\n            Voir le livre\n        <\/a>\n    \t\t\t\t<\/div>\n\t\t<div class=\"elementor-element elementor-element-060f5d4 e-flex e-con-boxed e-con e-parent\" data-id=\"060f5d4\" data-element_type=\"container\" data-e-type=\"container\">\n\t\t\t\t\t<div class=\"e-con-inner\">\n\t\t\t\t<div class=\"elementor-element elementor-element-ff5e2d3 elementor-widget-divider--view-line_text elementor-widget__width-inherit elementor-widget-divider--separator-type-pattern elementor-widget-divider--element-align-center elementor-widget elementor-widget-divider\" data-id=\"ff5e2d3\" data-element_type=\"widget\" data-e-type=\"widget\" data-widget_type=\"divider.default\">\n\t\t\t\t\t\t\t<div class=\"elementor-divider\" style=\"--divider-pattern-url: url(&quot;data:image\/svg+xml,%3Csvg xmlns=&#039;http:\/\/www.w3.org\/2000\/svg&#039; preserveAspectRatio=&#039;none&#039; overflow=&#039;visible&#039; height=&#039;100%&#039; viewBox=&#039;0 0 20 16&#039; fill=&#039;none&#039; stroke=&#039;black&#039; stroke-width=&#039;1&#039; stroke-linecap=&#039;square&#039; stroke-miterlimit=&#039;10&#039;%3E%3Cg transform=&#039;translate(-12.000000, 0)&#039;%3E%3Cpath d=&#039;M28,0L10,18&#039;\/%3E%3Cpath d=&#039;M18,0L0,18&#039;\/%3E%3Cpath d=&#039;M48,0L30,18&#039;\/%3E%3Cpath d=&#039;M38,0L20,18&#039;\/%3E%3C\/g%3E%3C\/svg%3E&quot;);\">\n\t\t\t<span class=\"elementor-divider-separator\">\n\t\t\t\t\t\t\t<span class=\"elementor-divider__text elementor-divider__element\">\n\t\t\t\tAuteurs\t\t\t\t<\/span>\n\t\t\t\t\t\t<\/span>\n\t\t<\/div>\n\t\t\t\t\t\t<\/div>\n\t\t<div class=\"elementor-element elementor-element-d6b3224 e-grid e-con-full e-con e-child\" data-id=\"d6b3224\" data-element_type=\"container\" data-e-type=\"container\">\n\t\t\t\t<div class=\"elementor-element elementor-element-561f92f elementor-widget__width-initial elementor-widget elementor-widget-image\" data-id=\"561f92f\" data-element_type=\"widget\" data-e-type=\"widget\" data-widget_type=\"image.default\">\n\t\t\t\t\t\t\t\t\t\t\t\t\t\t\t\t<a href=\"https:\/\/mersdusudlivres.fr\/?page_id=339\">\n\t\t\t\t\t\t\t<img width=\"980\" height=\"123\"  class=\"attachment-large size-large wp-image-1430 lws-optimize-lazyload\" alt=\"\" srcset=\"https:\/\/mersdusudlivres.fr\/wp-content\/uploads\/2026\/03\/AUTEURS-1024x128.png 1024w, https:\/\/mersdusudlivres.fr\/wp-content\/uploads\/2026\/03\/AUTEURS-scaled-416x52.png 416w, https:\/\/mersdusudlivres.fr\/wp-content\/uploads\/2026\/03\/AUTEURS-300x38.png 300w, https:\/\/mersdusudlivres.fr\/wp-content\/uploads\/2026\/03\/AUTEURS-768x96.png 768w, https:\/\/mersdusudlivres.fr\/wp-content\/uploads\/2026\/03\/AUTEURS-1536x192.png 1536w, https:\/\/mersdusudlivres.fr\/wp-content\/uploads\/2026\/03\/AUTEURS-2048x256.png 2048w\" sizes=\"(max-width: 980px) 100vw, 980px\" \/ data-src=\"https:\/\/mersdusudlivres.fr\/wp-content\/uploads\/2026\/03\/AUTEURS-1024x128.png\">\t\t\t\t\t\t\t\t<\/a>\n\t\t\t\t\t\t\t\t\t\t\t\t\t\t\t<\/div>\n\t\t\t\t<div class=\"elementor-element elementor-element-352a909 elementor-widget elementor-widget-text-editor\" data-id=\"352a909\" data-element_type=\"widget\" data-e-type=\"widget\" data-widget_type=\"text-editor.default\">\n\t\t\t\t\t\t\t\t\t<p>Chacun trace sa route \u00e0 travers les mots, les souvenirs et les imaginaires, comme on suit une ligne d\u2019horizon sans jamais cesser d\u2019avancer.<br \/>Leurs voix diff\u00e9rentes composent une m\u00eame travers\u00e9e, faite de regards, d\u2019exp\u00e9riences et de r\u00e9cits qui cherchent \u00e0 comprendre le monde autant qu\u2019\u00e0 le raconter.ettre.<\/p>\t\t\t\t\t\t\t\t<\/div>\n\t\t\t\t<div class=\"elementor-element elementor-element-5ce6471 elementor-widget__width-initial e-transform elementor-widget elementor-widget-heading\" data-id=\"5ce6471\" data-element_type=\"widget\" data-e-type=\"widget\" data-settings=\"{&quot;_transform_skewX_effect&quot;:{&quot;unit&quot;:&quot;px&quot;,&quot;size&quot;:&quot;&quot;,&quot;sizes&quot;:[]},&quot;_transform_skewX_effect_tablet&quot;:{&quot;unit&quot;:&quot;deg&quot;,&quot;size&quot;:&quot;&quot;,&quot;sizes&quot;:[]},&quot;_transform_skewX_effect_mobile&quot;:{&quot;unit&quot;:&quot;deg&quot;,&quot;size&quot;:&quot;&quot;,&quot;sizes&quot;:[]},&quot;_transform_skewY_effect&quot;:{&quot;unit&quot;:&quot;px&quot;,&quot;size&quot;:&quot;&quot;,&quot;sizes&quot;:[]},&quot;_transform_skewY_effect_tablet&quot;:{&quot;unit&quot;:&quot;deg&quot;,&quot;size&quot;:&quot;&quot;,&quot;sizes&quot;:[]},&quot;_transform_skewY_effect_mobile&quot;:{&quot;unit&quot;:&quot;deg&quot;,&quot;size&quot;:&quot;&quot;,&quot;sizes&quot;:[]}}\" data-widget_type=\"heading.default\">\n\t\t\t\t\t<h1 class=\"elementor-heading-title elementor-size-default\">Auteurs<\/h1>\t\t\t\t<\/div>\n\t\t\t\t<\/div>\n\t\t\t\t\t<\/div>\n\t\t\t\t<\/div>\n\t\t<div class=\"elementor-element elementor-element-396b173 e-grid e-con-full e-con e-parent\" data-id=\"396b173\" data-element_type=\"container\" data-e-type=\"container\">\n\t\t\t\t\t\t\t\n\t\t\t<img class=\"e-image-base e-365b7d6-ee3fc72 lws-optimize-lazyload\" \n\t\t\t\t\tdata-interaction-id=\"365b7d6\" \n\t\t \n\t\t \n\t\t\t\t\t\t\t\t\tid=\"314\"\n\t\t\t\t\t\t\t\t\t\t\t\t\n\t\t\t\t\t\t\t\t\t\t\t\twidth=\"400\"\n\t\t\t\t\t\t\t\t\t\t\t\theight=\"518\"\n\t\t\t\t\t\t\t\t\t\t\t\tsrcset=\"https:\/\/mersdusudlivres.fr\/wp-content\/uploads\/2025\/09\/portrait2023-1.jpg 400w, https:\/\/mersdusudlivres.fr\/wp-content\/uploads\/2025\/09\/portrait2023-1-232x300.jpg 232w\"\n\t\t\t\t\t\t\t\t\t\t\t\talt=\"\"\n\t\t\t\t\t\t\/ data-src=\"https:\/\/mersdusudlivres.fr\/wp-content\/uploads\/2025\/09\/portrait2023-1.jpg\">\n\t\t\t\t\t\t\t\t\n\t\t\t<img class=\"e-image-base e-244b5cb-3044a0d lws-optimize-lazyload\" \n\t\t\t\t\tdata-interaction-id=\"244b5cb\" \n\t\t \n\t\t \n\t\t\t\t\t\t\t\t\tid=\"1010\"\n\t\t\t\t\t\t\t\t\t\t\t\t\n\t\t\t\t\t\t\t\t\t\t\t\twidth=\"367\"\n\t\t\t\t\t\t\t\t\t\t\t\theight=\"487\"\n\t\t\t\t\t\t\t\t\t\t\t\tsrcset=\"https:\/\/mersdusudlivres.fr\/wp-content\/uploads\/2025\/11\/Capture-decran-2025-11-21-222935.png 367w, https:\/\/mersdusudlivres.fr\/wp-content\/uploads\/2025\/11\/Capture-decran-2025-11-21-222935-226x300.png 226w\"\n\t\t\t\t\t\t\t\t\t\t\t\talt=\"\"\n\t\t\t\t\t\t\/ data-src=\"https:\/\/mersdusudlivres.fr\/wp-content\/uploads\/2025\/11\/Capture-decran-2025-11-21-222935.png\">\n\t\t\t\t\t\t\t\t\n\t\t\t<img class=\"e-image-base e-d8d856b-646ea43 lws-optimize-lazyload\" \n\t\t\t\t\tdata-interaction-id=\"d8d856b\" \n\t\t \n\t\t \n\t\t\t\t\t\t\t\t\tid=\"135\"\n\t\t\t\t\t\t\t\t\t\t\t\t\n\t\t\t\t\t\t\t\t\t\t\t\twidth=\"351\"\n\t\t\t\t\t\t\t\t\t\t\t\theight=\"454\"\n\t\t\t\t\t\t\t\t\t\t\t\tsrcset=\"https:\/\/mersdusudlivres.fr\/wp-content\/uploads\/2025\/09\/bordeauxrivegauche-c2f9e5101d7c421b8082e8e2ddf34bd3-170115-ph0.jpg 351w, https:\/\/mersdusudlivres.fr\/wp-content\/uploads\/2025\/09\/bordeauxrivegauche-c2f9e5101d7c421b8082e8e2ddf34bd3-170115-ph0-232x300.jpg 232w\"\n\t\t\t\t\t\t\t\t\t\t\t\talt=\"\"\n\t\t\t\t\t\t\/ data-src=\"https:\/\/mersdusudlivres.fr\/wp-content\/uploads\/2025\/09\/bordeauxrivegauche-c2f9e5101d7c421b8082e8e2ddf34bd3-170115-ph0.jpg\">\n\t\t\t\t\t\t\t\t<h2 \n\t\tdata-interaction-id=\"32dcbc5\" \n\t\tclass=\"e-32dcbc5-0a0d17d e-heading-base\" \n\t\t \n\t\t\n\t>\n\t\n\t\t\tManuel DA SILVA\n\t\t<\/h2>\n\t\t\t\t\t\t\t<h2 \n\t\tdata-interaction-id=\"117e445\" \n\t\tclass=\"e-117e445-a986254 e-heading-base\" \n\t\t \n\t\t\n\t>\n\t\n\t\t\tChantal DISLAIRE ALEXANDRE\n\t\t<\/h2>\n\t\t\t\t\t\t\t<h2 \n\t\tdata-interaction-id=\"e2f7059\" \n\t\tclass=\"e-e2f7059-d791348 e-heading-base\" \n\t\t \n\t\t\n\t>\n\t\n\t\t\tBernard THAUMIAUX\n\t\t<\/h2>\n\t\t\t\t\t    \t            <a\n            href=\"https:\/\/mersdusudlivres.fr\/?page_id=795\" target=\"_blank\"\n            class=\"e-01f435b-d86a1d8 e-button-base\"\n            data-interaction-id=\"01f435b\"\n             \n        >\n            D\u00e9couvrir son univers\n        <\/a>\n    \t\t\t\t\t    \t            <a\n            href=\"https:\/\/mersdusudlivres.fr\/?page_id=894\" target=\"_blank\"\n            class=\"e-0a0ad0b-5b5db7d e-button-base\"\n            data-interaction-id=\"0a0ad0b\"\n             \n        >\n            D\u00e9couvrir son univers\n        <\/a>\n    \t\t\t\t\t    \t            <a\n            href=\"https:\/\/mersdusudlivres.fr\/?page_id=843\" target=\"_blank\"\n            class=\"e-899b34c-22e34db e-button-base\"\n            data-interaction-id=\"899b34c\"\n             \n        >\n            D\u00e9couvrir son univers\n        <\/a>\n    \t\t\t\t<\/div>\n\t\t<div class=\"elementor-element elementor-element-f495e1b e-flex e-con-boxed e-con e-parent\" data-id=\"f495e1b\" data-element_type=\"container\" data-e-type=\"container\">\n\t\t\t\t\t<div class=\"e-con-inner\">\n\t\t\t\t<div class=\"elementor-element elementor-element-8688c76 elementor-widget-divider--view-line_text elementor-widget-divider--separator-type-pattern elementor-widget-divider--element-align-center elementor-widget elementor-widget-divider\" data-id=\"8688c76\" data-element_type=\"widget\" data-e-type=\"widget\" data-widget_type=\"divider.default\">\n\t\t\t\t\t\t\t<div class=\"elementor-divider\" style=\"--divider-pattern-url: url(&quot;data:image\/svg+xml,%3Csvg xmlns=&#039;http:\/\/www.w3.org\/2000\/svg&#039; preserveAspectRatio=&#039;none&#039; overflow=&#039;visible&#039; height=&#039;100%&#039; viewBox=&#039;0 0 20 16&#039; fill=&#039;none&#039; stroke=&#039;black&#039; stroke-width=&#039;1&#039; stroke-linecap=&#039;square&#039; stroke-miterlimit=&#039;10&#039;%3E%3Cg transform=&#039;translate(-12.000000, 0)&#039;%3E%3Cpath d=&#039;M28,0L10,18&#039;\/%3E%3Cpath d=&#039;M18,0L0,18&#039;\/%3E%3Cpath d=&#039;M48,0L30,18&#039;\/%3E%3Cpath d=&#039;M38,0L20,18&#039;\/%3E%3C\/g%3E%3C\/svg%3E&quot;);\">\n\t\t\t<span class=\"elementor-divider-separator\">\n\t\t\t\t\t\t\t<span class=\"elementor-divider__text elementor-divider__element\">\n\t\t\t\tManuscrit\t\t\t\t<\/span>\n\t\t\t\t\t\t<\/span>\n\t\t<\/div>\n\t\t\t\t\t\t<\/div>\n\t\t<div class=\"elementor-element elementor-element-bd22c5b e-grid e-con-full e-con e-child\" data-id=\"bd22c5b\" data-element_type=\"container\" data-e-type=\"container\">\n\t\t\t\t<div class=\"elementor-element elementor-element-6a975ae elementor-widget__width-initial e-transform elementor-widget elementor-widget-heading\" data-id=\"6a975ae\" data-element_type=\"widget\" data-e-type=\"widget\" data-settings=\"{&quot;_transform_skewX_effect&quot;:{&quot;unit&quot;:&quot;px&quot;,&quot;size&quot;:&quot;&quot;,&quot;sizes&quot;:[]},&quot;_transform_skewX_effect_tablet&quot;:{&quot;unit&quot;:&quot;deg&quot;,&quot;size&quot;:&quot;&quot;,&quot;sizes&quot;:[]},&quot;_transform_skewX_effect_mobile&quot;:{&quot;unit&quot;:&quot;deg&quot;,&quot;size&quot;:&quot;&quot;,&quot;sizes&quot;:[]},&quot;_transform_skewY_effect&quot;:{&quot;unit&quot;:&quot;px&quot;,&quot;size&quot;:&quot;&quot;,&quot;sizes&quot;:[]},&quot;_transform_skewY_effect_tablet&quot;:{&quot;unit&quot;:&quot;deg&quot;,&quot;size&quot;:&quot;&quot;,&quot;sizes&quot;:[]},&quot;_transform_skewY_effect_mobile&quot;:{&quot;unit&quot;:&quot;deg&quot;,&quot;size&quot;:&quot;&quot;,&quot;sizes&quot;:[]}}\" data-widget_type=\"heading.default\">\n\t\t\t\t\t<h1 class=\"elementor-heading-title elementor-size-default\">Manuscrit<\/h1>\t\t\t\t<\/div>\n\t\t\t\t<div class=\"elementor-element elementor-element-0239f9e elementor-widget elementor-widget-text-editor\" data-id=\"0239f9e\" data-element_type=\"widget\" data-e-type=\"widget\" data-widget_type=\"text-editor.default\">\n\t\t\t\t\t\t\t\t\t<p class=\"MsoNormal\">Nous publions des \u0153uvres litt\u00e9raires qui interrogent les travers\u00e9es humaines, int\u00e9rieures, sociales, g\u00e9ographiques, artistiques ou culturelles. Chaque manuscrit doit \u00eatre pens\u00e9 comme une \u0153uvre appel\u00e9e \u00e0 vivre dans le temps.\u00a0<\/p>\t\t\t\t\t\t\t\t<\/div>\n\t\t\t\t<div class=\"elementor-element elementor-element-ae9f23c elementor-widget__width-initial elementor-widget elementor-widget-image\" data-id=\"ae9f23c\" data-element_type=\"widget\" data-e-type=\"widget\" data-widget_type=\"image.default\">\n\t\t\t\t\t\t\t\t\t\t\t\t\t\t\t\t<a href=\"https:\/\/mersdusudlivres.fr\/?page_id=361\">\n\t\t\t\t\t\t\t<img width=\"980\" height=\"123\"  class=\"attachment-large size-large wp-image-1434 lws-optimize-lazyload\" alt=\"\" srcset=\"https:\/\/mersdusudlivres.fr\/wp-content\/uploads\/2026\/03\/manuscrity-1024x128.png 1024w, https:\/\/mersdusudlivres.fr\/wp-content\/uploads\/2026\/03\/manuscrity-scaled-416x52.png 416w, https:\/\/mersdusudlivres.fr\/wp-content\/uploads\/2026\/03\/manuscrity-300x38.png 300w, https:\/\/mersdusudlivres.fr\/wp-content\/uploads\/2026\/03\/manuscrity-768x96.png 768w, https:\/\/mersdusudlivres.fr\/wp-content\/uploads\/2026\/03\/manuscrity-1536x192.png 1536w, https:\/\/mersdusudlivres.fr\/wp-content\/uploads\/2026\/03\/manuscrity-2048x256.png 2048w\" sizes=\"(max-width: 980px) 100vw, 980px\" \/ data-src=\"https:\/\/mersdusudlivres.fr\/wp-content\/uploads\/2026\/03\/manuscrity-1024x128.png\">\t\t\t\t\t\t\t\t<\/a>\n\t\t\t\t\t\t\t\t\t\t\t\t\t\t\t<\/div>\n\t\t\t\t<\/div>\n\t\t\t\t\t<\/div>\n\t\t\t\t<\/div>\n\t\t\t\t<\/div>\n\t\t","protected":false},"excerpt":{"rendered":"<p>Catalogue Travers\u00e9es Chez Editions Mers du Sud, les livres se lisent comme des travers\u00e9es. Chaque \u0153uvre explore une mani\u00e8re d&rsquo;\u00eatre au monde, de se transformer, de cr\u00e9er, de transmettre.\u00a0 Nouveaut\u00e9s Bernard THAUMIAUX Manuel DA SILVA Manuel DA SILVA Voir le livre Voir le livre Voir le livre Auteurs Chacun trace sa route \u00e0 travers les [&hellip;]<\/p>\n","protected":false},"author":1,"featured_media":0,"parent":0,"menu_order":0,"comment_status":"closed","ping_status":"closed","template":"elementor_header_footer","meta":{"footnotes":""},"class_list":["post-83","page","type-page","status-publish","hentry"],"aioseo_notices":[],"jetpack_sharing_enabled":true,"_links":{"self":[{"href":"https:\/\/mersdusudlivres.fr\/index.php?rest_route=\/wp\/v2\/pages\/83","targetHints":{"allow":["GET"]}}],"collection":[{"href":"https:\/\/mersdusudlivres.fr\/index.php?rest_route=\/wp\/v2\/pages"}],"about":[{"href":"https:\/\/mersdusudlivres.fr\/index.php?rest_route=\/wp\/v2\/types\/page"}],"author":[{"embeddable":true,"href":"https:\/\/mersdusudlivres.fr\/index.php?rest_route=\/wp\/v2\/users\/1"}],"replies":[{"embeddable":true,"href":"https:\/\/mersdusudlivres.fr\/index.php?rest_route=%2Fwp%2Fv2%2Fcomments&post=83"}],"version-history":[{"count":223,"href":"https:\/\/mersdusudlivres.fr\/index.php?rest_route=\/wp\/v2\/pages\/83\/revisions"}],"predecessor-version":[{"id":1615,"href":"https:\/\/mersdusudlivres.fr\/index.php?rest_route=\/wp\/v2\/pages\/83\/revisions\/1615"}],"wp:attachment":[{"href":"https:\/\/mersdusudlivres.fr\/index.php?rest_route=%2Fwp%2Fv2%2Fmedia&parent=83"}],"curies":[{"name":"wp","href":"https:\/\/api.w.org\/{rel}","templated":true}]}}